ppose 0 = -4*w - 10 + 2. Let j be (w/(-4))/((-3)/(-72)). Calculate the highest common factor of b and j.
12
Let l(i) = -i**3 + i - 9. Let b be l(0). Let c(u) = u**2 - 5*u - 5. Let r be c(b). Calculate the greatest common factor of 11 and r.
11
Let h = 18 + -2. Suppose -7 - 15 = -4*j - n, 4*n - h = -4*j. Let x be (-1 - 1)*-1 + 28. Calculate the highest common divisor of j and x.
6
Let f(i) = -i**3 + i**2 + i + 1. Let g be f(0). Let y be g*15 - (-1 + 2). What is the greatest common divisor of y and 112?
14
Suppose -5*t = 5*a + 190, 0 = -3*t - 0*a + 4*a - 107. Let l = t + 67. Calculate the highest common factor of 20 and l.
10
Let j be 317/9 - 26/117. What is the highest common factor of 14 and j?
7
Suppose -394 = -5*a - 9. Calculate the greatest common divisor of a and 22.
11
Let j(t) = -t**2 + 7*t + 4. Let f be j(8). Let d(b) = -b**3 - 4*b**2 - 2*b - 3. Let o be d(f). Calculate the greatest common divisor of 1 and o.
1
Let s(g) = 4*g - 102. Let y be s(26). What is the highest common factor of 2 and y?
2
Let s be (-3 - 0)*(3 - 10). What is the highest common factor of 21 and s?
21
Let v(z) = z + 1. Let t be v(4). Suppose -4*p - 2*f + 32 = 0, 2*f + 42 = t*p - 16. Calculate the greatest common factor of 10 and p.
10
Suppose 4 = k - 36. What is the highest common divisor of 4 and k?
4
Let m be (2 - 1)*(1 + 6). Let p be 2 - (-3)/(-6)*0. Suppose p*n = m*n - 120. What is the greatest common factor of n and 3?
3
Suppose -j - 25 = -6*j. Calculate the greatest common divisor of j and 35.
5
Suppose -5*s + r - 3 = -3*s, s + r = 6. Calculate the highest common divisor of s and 5.
1
Let y = -13 - -19. Let j = 29 + -14. Calculate the greatest common factor of y and j.
3
Suppose 4*i + 3*t - 11 = -2, 13 = 4*i - t. Suppose 5*c - s - 26 = 0, 2*c - i*s - 9 = -4*s. Calculate the greatest common factor of 40 and c.
5
Suppose 2*n - 290 = -50. Let s(l) = -l - 2. Let h be s(-5). Let c be h/(-9) + 138/9. Calculate the highest common factor of c and n.
15
Let s be 1716/121 + (-2)/11. What is the greatest common factor of s and 56?
14
Let p(o) = 3*o**2 + 13. Let a be p(6). Calculate the highest common factor of a and 11.
11
Suppose -w + 32 + 1 = 0. Suppose 0 = 5*h + 3*s - 63, 0 = -2*h + 4*h + s - 26. Suppose 0 = -5*m - 0*m + h. What is the highest common factor of m and w?
3
Let q be 1 + (-2 - 0) - (-31 + 9). What is the greatest common divisor of 3 and q?
3
Let d = -26 + 44. Calculate the greatest common divisor of 18 and d.
18
Let o = 72 - 59. What is the highest common divisor of 26 and o?
13
Let t be ((-2)/4)/((-4)/8). Suppose r - 6 = -t. Let s = r + -3. What is the greatest common divisor of 2 and s?
2
Suppose -m + 0*m = -13. Let h(f) = f**3 + 2*f**2 - f. Let y be h(-2). Suppose -a = 3*u - 4, 0*a + 3*u = y*a - 35. What is the highest common divisor of m and a?
13
Suppose 0 = -9*y + 11*y - 6. What is the greatest common divisor of y and 2?
1
Let i be -1*2 + (1 - -136). Let g = 255 - i. Calculate the greatest common divisor of g and 15.
15
Let v = 112 + -68. Calculate the highest common factor of 44 and v.
44
Suppose -2*i + 1 + 3 = 0, -5*q = i - 42. Calculate the greatest common divisor of q and 32.
8
Suppose 3*i - 73 = -2*q, 3*q + 5*i + 0*i - 110 = 0. Calculate the highest common divisor of q and 5.
5
Suppose 5*a = 10 + 10. Let u(g) = g**2 + 5*g + 8. Let r be u(-4). What is the greatest common divisor of a and r?
4
Suppose -4*s = -3*q - 7, 3*q - 28 = -q - 4*s. Calculate the highest common divisor of q and 9.
3
Suppose 2*t = 2*p - 28, -6*t + 11 = 4*p - t. What is the highest common factor of 72 and p?
9
Let t be 3*8/(-18)*6. Let p(r) = -r**3 - 8*r**2 - 3*r - 10. Let n be p(t). What is the highest common divisor of 28 and n?
14
Suppose 4*h - 30 + 6 = 0. What is the highest common divisor of h and 30?
6
Let l = -24 + 141. What is the greatest common divisor of 13 and l?
13
Suppose q - 3*a - 21 = -0*a, -3*q + a = -23. What is the highest common factor of q and 18?
6
Suppose 0 = -8*u + 3*u - 5*n + 155, u - 5*n - 37 = 0. Calculate the greatest common factor of u and 48.
16
Suppose m - 6*m + 227 = -2*y, 5*m = -2*y + 223. Calculate the greatest common factor of 5 and m.
5
Let c be (5 - 2) + 0 + 47. What is the greatest common factor of 125 and c?
25
Suppose s + 5*x - 63 = 0, -3*s + 141 = -0*s - x. Let m = -2 + 8. What is the highest common factor of s and m?
6
Let k(t) = -t**3 - 20*t**2 - 20*t + 27. Let p be k(-19). What is the greatest common divisor of p and 184?
46
Let z(t) = -t**2 - 9*t + 13. Let h be z(-9). Calculate the greatest common factor of 143 and h.
13
Let l be 0*(-3)/6 - -6. Suppose 2*p = -v + l, -11 = -2*v + 5*p + 1. Calculate the greatest common factor of 6 and v.
6
Suppose 0 = q - 3. Let o be ((-29)/(-3))/(4/12). Suppose q*c = r - o, 0 = 4*r + c + c - 46. What is the highest common divisor of 154 and r?
14
Suppose j + 4*j + 3*m = 7, -3*j + 10 = -4*m. Suppose -k - j*k = 0. Suppose -4*x + 7*x - 90 = k. Calculate the highest common factor of 20 and x.
10
Suppose -2*b = -4 - 8. Calculate the highest common factor of 6 and b.
6
Suppose -p - p = -588. Suppose 0 = -2*n - n + p. Let f(u) = -15*u**3 - u**2 - u - 1. Let h be f(-1). Calculate the greatest common divisor of n and h.
14
Let y be (44 - 20/4) + 1. What is the highest common factor of y and 10?
10
Suppose -2*c = 21 + 215. Let l = c + 360. What is the greatest common factor of 22 and l?
22
Let s be (30/(-3))/(0 + -2). Let h(f) = 2*f**2 - 3*f + s*f - 2*f. Let l be h(-1). Calculate the highest common factor of l and 4.
2
Suppose -3 + 0 = -g. Let b be ((-1)/2)/(5/(-40)). Suppose -b*l - 51 + 208 = 5*u, -4*l = 8. Calculate the highest common factor of u and g.
3
Suppose -3*u - 270 = -9*u. What is the greatest common factor of 15 and u?
15
Suppose 0*o - 2*o = 4*s - 182, o = 5*s + 56. Calculate the highest common divisor of 27 and o.
27
Let f = 228 + -133. What is the greatest common divisor of f and 38?
19
Suppose 2*t - 14 = 48. What is the greatest common factor of t and 31?
31
Suppose q + 4*x + 0*x = 2, -2 = -q + 2*x. Let d(v) = 7*v - v**2 + 1 - 6 - 3 + 3*v**2. Let s be d(-6). Calculate the highest common divisor of q and s.
2
Suppose -28 = -4*b + 4*s, -4*b = -b - 5*s - 25. Suppose -b*l = -0*l + 90. Let z be (-16)/(-5)*(-585)/l. What is the greatest common factor of 13 and z?
13
Let a(x) = x**3 + 4*x**2 + 3*x**2 - 3*x**2 + 3. Let q be a(-3). Let y = 269 + -137. Calculate the highest common factor of q and y.
12
Let f = 10 - -16. Calculate the highest common divisor of f and 26.
26
Let o(a) = a + 14. Let u be o(4). What is the greatest common factor of 126 and u?
18
Let z(y) = -5 - 3*y + 4*y**2 - y + 3*y. Let i be z(5). What is the greatest common divisor of 10 and i?
10
Let r(g) = 6*g**2 - 4*g + 7. Let v be r(-4). What is the highest common divisor of v and 7?
7
Suppose -4*p = -5*c - 21, c + 1 = p - 4. Let n(x) = 5*x - 3. Let g be n(6). Suppose g = -4*y + 91. Calculate the highest common factor of p and y.
4
Suppose 5*z + 8*z - 845 = 0. What is the highest common factor of 13 and z?
13
Let i(z) be the second derivative of z**5/20 - z**4/4 + z**3/6 - 5*z**2/2 - 3*z. Let n be i(4). Let f = n + -2. What is the highest common factor of 143 and f?
13
Suppose 3*j - 304 = -2*q - 45, 4*j - 4*q - 332 = 0. Let c(x) = 9*x - 1. Let u be c(2). Calculate the highest common factor of u and j.
17
Let z(c) = 5*c - 3. Let i be z(-6). Let k = -18 - i. Let f be (-45)/1*(-24)/9. What is the highest common factor of k and f?
15
Let l be (-14 - -2)*5/(-2). Suppose t + t - l = 0. Let v be -5*(-1 + -1)/2. What is the greatest common factor of v and t?
5
Let b(p) = 2*p**3 + p**2 - 6*p + 1. Suppose -12 = 3*k - 6*k. Let g be b(k). Suppose z + 4*z = 55. Calculate the highest common divisor of g and z.
11
Suppose 0 = -3*n + n + 3*q - 13, 3*n + 2*q - 13 = 0. Suppose 4*u - 14 - 2 = 0. What is the highest common divisor of n and u?
1
Let u(j) = 52*j**2. Let b be u(1). Suppose -4*m = 2*m - 24. Suppose -5*x - 3*q - 2*q = -40, -3*x = -m*q - b. What is the highest common divisor of 132 and x?
12
Suppose 0 = 4*q - 2 - 10. Suppose -4*s = -4*p, -3*p = p - 12. Suppose -q = -c + s. Calculate the greatest common factor of c and 6.
6
Let t = 194 + -129. Calculate the highest common divisor of 26 and t.
13
Let j(c) = -c**3 + c - 1. Let n be j(-3). Supp